16*x - 16. Give c(f).
160
Let z(w) be the third derivative of -w**5/12 + w**4/8 - 4*w**3/3 - 10*w**2 + 76*w. What is z(3)?
-44
Let s(j) = j. Let z = -17 - -19. Suppose -8*n - z*n + 20 = 0. Suppose 3*u + u = 2*x + 14, -n*u + 10 = 0. Give s(x).
3
Let i(y) = 148*y - 1 + 4 + 4*y**2 + 145*y - 3*y**2 - 287*y. Let m be (-1 - -6)*(-1 - 0). What is i(m)?
-2
Let f(y) = -y**3 + 4*y**2 - 4*y + 3. Suppose -s = -2*n + 96, 0 = n + 6*s - 5*s - 48. Suppose n = -13*o + 87. Give f(o).
0
Suppose 2*q + x - 6 = 0, -7 = -2*q - q - 2*x. Let a(p) = -107*p + 193*p + q - 96*p + 10. Give a(2).
-5
Let o(t) be the first derivative of 4*t**2 - 5*t + 501. Determine o(4).
27
Let a(x) be the first derivative of -x**4/4 - 7*x**3 + x**2 + 29*x + 2362. Determine a(-21).
-13
Suppose l = 2*d - 17, -4*l + 63*d - 60*d = 43. Let j(a) be the third derivative of -3*a**2 + 0 + 0*a + 0*a**4 - 7/60*a**5 - 1/6*a**3 - 1/120*a**6. Give j(l).
-1
Let m(z) = 1. Let p(x) = 18*x - 1. Let b be ((-2)/(-4))/(2 - 35/14). Let u(l) = b*p(l) - 2*m(l). What is u(1)?
-19
Suppose -f = -4*i - 1, -i = 3*i. Let s(y) = 0*y**2 + 0*y**2 - f - 4*y - 2*y + 5*y**2 + 8*y. What is s(-2)?
15
Suppose 2*l - 6 = 0, 4*k - k - 4*l + 6 = 0. Let r(o) = -8*o**2 - 3*o**3 + o - 937 + 947 + k*o**3. Determine r(-8).
2
Let g(b) = 7*b - 1. Let d(u) = 0*u + 27 + u - 60 + 34. Let a(k) = -k + 2. Let l be a(-4). Let n(o) = l*d(o) - g(o). Calculate n(5).
2
Suppose -5*j - 3*k = -35, -7*j + 3*j = 2*k - 28. Let n(v) be the first derivative of -v**4/4 + 8*v**3/3 - 7*v**2/2 - 2*v + 29. Determine n(j).
-2
Let s(u) = -u**2 + 27*u - 144. Let m be (18/(-21))/(165/(-3850)). Calculate s(m).
-4
Let q(x) = 2*x**3 - 6*x**2 - x + 3. Let r be q(3). Let z be 1 - (3 + (r - 0) + -4). Let c(n) = -578*n + 578*n - z + n**2. Determine c(3).
7
Let b = -8149 + 8142. Let i(q) = 7*q + 47. What is i(b)?
-2
Let m(f) = 2*f**2 + f + 7. Let a(n) = 3*n**2 - 2*n + 6. Let o(v) = 3*a(v) - 4*m(v). Let p(h) = -4*h - 1. Let b be p(-3). What is o(b)?
1
Let w(n) = -7*n - 40. Suppose 60*s + 1212 = -50*s - 988. Determine w(s).
100
Let d(k) = -k**2 + 14*k - 10. Let j = -76 + 69. Let b = j - -20. Let g be d(b). Let i(x) = -x**2 - x + 4. Determine i(g).
-8
Let y(q) = 10 - 35*q - q**3 + 3166*q**2 - 1567*q**2 - 1563*q**2. Calculate y(35).
10
Let p = 191 - 31. Let s(y) = -p - 2*y + 326 - 169. Calculate s(-2).
1
Let z(i) = -i - 2. Let g be ((-10)/(-20))/((-3)/42). Let t be (2/g)/(10/(-70)). Suppose b + n - 6 = 0, -t*b - 3*b + 2*n = -16. Determine z(b).
-6
Let h = -11 - -13. Suppose 7*o + h - 9 = 0. Suppose 2*w = 7*w - p - o, -4*w = -2*p - 2. Let z(s) = s**2 + s - 1. What is z(w)?
-1
Let p = -13 + 22. Let a(d) = -3*d + 3. Let x(h) = h - 1. Let l = -66 + 70. Let k(z) = l*a(z) + p*x(z). Give k(6).
-15
Let f(c) = 18*c**2 - 4*c + 9. Let y(d) = 27*d**2 - 6*d + 13. Let r be 8/(-20) - 2*37/(-10). Let q(l) = r*f(l) - 5*y(l). Give q(2).
-34
Let c be (-2 - -4)*9/(-6). Let n(j) = j**2 + 5*j + 5. Let g(w) = -22 - 15*w + 36 - 2*w**2 - w**2 - 30. Let l(o) = 2*g(o) + 7*n(o). What is l(c)?
-3
Let i(k) be the first derivative of -k**2/2 + 12*k - 1. Let a be (-1)/4*-1*0. Suppose m + 209 - 215 = a. Determine i(m).
6
Let h(y) = y**3 + 7*y**2 - y - 14. Let q be h(-6). Let v = q + -23. Let z(w) be the third derivative of -w**5/60 + w**4/8 - 2*w**3/3 + 173*w**2. Determine z(v).
-14
Let w(i) = 3 + 4454*i - 4458*i - 3 - 3*i**2. Let n be w(-1). Let m(s) = s. Calculate m(n).
1
Suppose t - 17*i = -21*i + 16, 3*i - 6 = 0. Let w(k) = 2 + 9*k - 3 - 56*k**2 - t + 55*k**2. What is w(7)?
5
Let i = -109 + 108. Let n(m) = 5*m**3 + 2*m**2 + 8*m - 2. Let k(h) = h**3 + h**2 + h. Let c(l) = i*n(l) + 4*k(l). Calculate c(2).
-6
Let v(q) be the first derivative of 17*q**2 - 33*q - 10716. Determine v(1).
1
Suppose -112*b = -115*b + 6. Let i(u) be the first derivative of u**4/4 - u**3/3 - u**2 + 3*u - 156. Give i(b).
3
Let a = 17 - 12. Suppose -a*w + w = -4*i + 68, 5*i - 10 = 0. Let k be w/(-175)*5 + 11/7. Let x(o) = o**3 - 2*o**2 + o + 1. Give x(k).
3
Let p(g) = 24*g - 1 - 6*g - 11*g - 10*g - 5*g. Suppose 2*f - 11 = -5*q - 0*q, -3*q = -2*f - 13. Determine p(q).
-25
Let m(a) = -2*a**2 + 3*a + 4. Let o(d) = 2*d**2 - 3*d - 4. Let i(b) = -b**3 + 6*b - 8. Let f be i(2). Let g(n) = f*m(n) - 3*o(n). Determine g(3).
5
Suppose 0 = y - s + 2, 2*s - 12 = 7*y - 9*y. Let p(k) = -26*k - 94. Let j(h) = 6*h + 23. Let i(r) = y*p(r) + 9*j(r). Give i(13).
45
Suppose -5*m + 10*m = 20. Let x(u) = 12 - m*u - 4*u - 5 + 3*u - u**2. Determine x(-7).
-7
Let w(k) = 8*k - 24. Let x be 3*42/189 - 111/(-9). Determine w(x).
80
Let j(b) = 29*b**3 - 2*b**2 + b + 2. Let m be (-7*1 - (-2028)/156)/(-6). What is j(m)?
-30
Let c(j) = -j**3 - 5*j**2 - j + 7. Let g = -4543 + 4537. Give c(g).
49
Let n(v) = -v**3 - 18*v - 22*v - 32*v + 56*v**2 + 93*v - 35*v**2 + 10. What is n(22)?
-12
Let z(w) = -23*w + 2 - 19*w + 60*w - 21*w. Let y be 6/6 - 2/(-2). Calculate z(y).
-4
Let i(s) = -2*s + 6. Let a(p) = 14*p - 118. Let v be a(9). Let l be (54/15 + -2)/(v/20). Determine i(l).
-2
Let i(o) = o**3 - 8*o**2 + 6*o + 6. Suppose 4*p = 7 + 69. Suppose -5*n + 20 = 5*r - 30, -r - 4*n + p = 0. What is i(r)?
-1
Let v(a) = -a**2 - 13*a - 6. Suppose -9*z + 0*z + 36 = 0. Suppose z*m - 26 = -t + 4, -69 = -4*t + m. Let i = 5 - t. Give v(i).
-6
Let q(b) = -3*b**2 - 2*b - 1. Suppose -14 = -2*c - 7*j + 9*j, 0 = c + 4*j + 8. Suppose 14*m = -18 + c. Calculate q(m).
-2
Let d(h) = -h - 1. Let r(w) = w**3 - 2*w**2 - 2*w. Let x(y) = y**3 + 3*y**2 - 4*y. Let n be x(-4). Let t be r(n). Let a be t/(2/(-5)*-5). What is d(a)?
-1
Let h = 34699 - 34695. Let q(v) = -v**3 + 7*v**2 - 5*v - 10. Give q(h).
18
Let w(h) = 31*h. Let l = 3895 - 3894. What is w(l)?
31
Let t(f) = f + 5. Suppose b - 2*b - 5*k + 222 = 0, -2*b = 5*k - 469. Let q = b + -250. What is t(q)?
2
Let a(m) = m**2 - 2*m + 7. Let o(z) = 2*z - 8. Suppose 4*s - 2*j - 44 = -7*j, -16 = -2*s - j. Let b(c) = s*o(c) + 7*a(c). Give b(1).
6
Suppose 0 = -6*j + 73 + 47. Suppose -12 = 2*h - 2*n, 0 = 4*h - j*n + 15*n + 26. Let x(r) = 2*r**2 + 4*r - 5. Give x(h).
11
Let f(h) be the second derivative of 0 + 1/2*h**2 - 7/12*h**4 + h**3 + 6*h. Let w(q) = -10*q**2 + 9*q + 1. Let m(y) = -7*f(y) + 5*w(y). What is m(3)?
-2
Let l(m) = -7*m - 4. Suppose -3*x = -5*j + 7*j - 3, -4*x + 4 = 5*j. Determine l(j).
-4
Let v(k) = k**3 + 6*k**2 + 5*k + 5. Suppose 0 = 2*f + y - 1, 5*y - 36 = -4*f - 43. Suppose 4*m - 4*u + u + 5 = 0, f*u - 10 = 4*m. Determine v(m).
5
Let m be 1*(-1 + -138)/((-15)/45). Suppose 113 - m = 19*o. Let q(k) = -k**2 - 17*k - 10. Determine q(o).
6
Let r = -13 - -11. Let o be 169/9 + r/(-9). Suppose -2*u + 4*g + 14 = 0, 3*u + 2*g = 8*u - o. Let j(c) = -c - 4. What is j(u)?
-7
Let c be (-2 + 1 - -3)*(-51)/(-6). Let x(u) = 0*u - c + 7 - u + 14. Give x(4).
0
Suppose -2*b + 3*b = 4*b. Suppose -8*u + 40 = -b*u. Let d(s) = -2*s**3 + 5*s + s**3 + 4*s**2 + 2 + 5. Calculate d(u).
7
Let m(k) = 10*k + 4 - 8*k - 17. Let u be ((-32)/(-12))/(-1)*((-21)/12 + -2). Calculate m(u).
7
Let r(q) be the first derivative of q**6/360 - 13*q**5/120 + q**4/12 + q**3/3 - 14*q**2 - 33. Let u(c) be the third derivative of r(c). Give u(13).
2
Suppose -99*o - 559 + 658 = 0. Let s = 0 + -5. Let y(b) = -21*b**2 - 7*b + 5. Let z(a) = 32*a**2 + 11*a - 8. Let u(p) = s*z(p) - 8*y(p). Give u(o).
9
Let c(r) be the first derivative of 5*r**3/6 + r**2/2 + 97*r + 183. Let p(y) be the first derivative of c(y). Suppose 2 = -2*g + 6. Determine p(g).
11
Let b(c) = c**3 + c**2 + 2*c + 7. Let g(h) = 6*h**3 + 4*h**2 + 9*h + 36. Let o = 1 - -5. Let f be (-75)/7 - o/21. Let k(t) = f*b(t) + 2*g(t). What is k(4)?
-5
Let j(a) = 5*a**2 - 11*a + 7. Let b be 1/(-1)*(-7 + 0) - (-530)/(-106). Determine j(b).
5
Let z(s) = s**3 + s**2 + 1. Let j(d) = 22*d - 112. Suppose -3*c - 3*g + 18 = 0, 2*g - 2 = 4*c - 20. Let u be j(c). Calculate z(u).
-3
Let u(c) be the second derivative of -1/2*c**4 + 19 + 8*c + 1/2*c**3 + 1/20*c**5 - 1/2*c**2. Give u(3).
-19
Let d(f) = -121*f**2 - 135*f**2 + 244*f**2 - 4 + f**3. Let l = -18 + 26. Let n(b) = 4*b - 20. Let g be n(l). Give d(g).
-4
Let a(j) be the third derivative of j**5/60 + 7*j**4/24 - j**3 + 98*j**2 - 2*j. Suppose -9 + 44 = -5*x - 2*s, -2*x - 14 = -2*s. Give a(x).
-6
Let h be (-6)/((2 - 0)/(-4 - -7)). Let l(a) = a**2 + 6*a - 22. What is l(h)?
5
Let l(v) = -3*v**2 + 14*v - 